e factors of ((-10)/(-4) + -1)*754/v?
29
Let w = -402 - -111. Let u = -577 - -1015. Let d = u + w. What are the prime factors of d?
3, 7
Let c = 4168 + -54. What are the prime factors of c?
2, 11, 17
Let u be 8/(-36) + 2668/18. Let n = u - -192. List the prime factors of n.
2, 5, 17
Let r = -116 + 121. Suppose r*n + 783 = s, 0*s - 5*s + 3*n = -3871. List the prime factors of s.
773
Let o = -115 - -113. Let l be 5 + (-16)/(-10)*(-5)/o. Suppose 396 = 5*a + 4*u, 5*u - 84 = -a + l*u. List the prime factors of a.
2, 5
Suppose 3*x - 2*y = 1036, 0 = -4*x + y + 1801 - 428. What are the prime factors of 2/(-12) - 0 - (-365997)/x?
2, 5, 107
Suppose 196*r - 3432 = 190*r. Suppose 121*z - r = 119*z. What are the prime factors of z?
2, 11, 13
Let g(y) be the second derivative of y**4 - 4*y**3/3 + 23*y**2/2 - 2*y - 21. What are the prime factors of g(7)?
3, 5, 37
Suppose -2*k - 3*k = -10. Let v be 10/k + 0 + -3. Suppose 0*n - 2*h + 24 = v*n, -5*h + 25 = 0. What are the prime factors of n?
7
Suppose 35*i - 17*i = 145170. What are the prime factors of i?
5, 1613
Suppose 0 = -2*c + 5*h + 24, -3*h - 24 = -2*c - 8. Suppose -j - 1705 = -5*a + 2*j, c*j = 5*a - 1700. List the prime factors of a.
2, 13
Let h(y) = 3*y**3 + 5*y**2 - 4*y - 13. Let k be h(5). Let o = k - -136. What are the prime factors of o?
3, 67
Let a = 909 - 315. Let l = -540 + a. What are the prime factors of l?
2, 3
Let h(y) = 554*y + 78. Let r be h(5). Let a = -1822 + r. List the prime factors of a.
2, 3, 19
Let i(c) = 4*c - 6. Let n be i(4). Let x(p) = -p**2 + 8*p + 21. Let w be x(n). What are the prime factors of ((-7)/w*4)/((-4)/8)?
2, 7
Let r be -1 + 2 + (-3 - 5 - -974). Suppose -g + 472 = -3*i - r, g = i + 1431. List the prime factors of g.
1427
Let i be ((-19)/(-2))/(7/(-266)). Let v = 648 + i. What are the prime factors of v?
7, 41
Let o(i) = 243*i**2 + 8*i + 8. List the prime factors of o(-4).
2, 3, 7, 23
Let c(g) = 120*g + 4. Let h(f) = -2*f**2 + 6*f + 3. Let j be h(3). List the prime factors of c(j).
2, 7, 13
Let b = 55 + -40. Let m(a) = 2*a**2 - b*a - 6 + 29*a - 13*a. What are the prime factors of m(4)?
2, 3, 5
Let f(c) = 17*c**3 + 19*c**2 - 37*c + 194. Let x(i) = 11*i**3 + 12*i**2 - 25*i + 129. Let w(b) = 5*f(b) - 7*x(b). List the prime factors of w(6).
2131
Suppose -24*p - 2016 = -16*p. Let y = p + 680. What are the prime factors of y?
2, 107
Let l(r) = -6*r - 14. Let h be l(-7). Suppose 0 = x - 3 - h. Suppose -x*u + 30*u + 96 = 0. List the prime factors of u.
2, 3
Suppose 3*k + 53705 = -29*d + 34*d, 4*k + 53705 = 5*d. What are the prime factors of d?
23, 467
Let k(r) = 37*r + 2. Let o(l) = 74*l + 9. Let b(m) = -148*m - 17. Let p(u) = 6*b(u) + 11*o(u). Let i(f) = -5*k(f) - 3*p(f). What are the prime factors of i(1)?
2, 3
Let u = -150 - -155. List the prime factors of (u - 6 - -5) + 128.
2, 3, 11
Suppose -4*m = 5*z - 3066, 0*z + 4*m = 5*z - 3074. Let u = z - 367. What are the prime factors of u?
13, 19
Let p(g) = -g**3 + 3*g**2 - 4*g + 4. Let m be p(2). Suppose m = -13*r + 4*r. Suppose -10*x + 4*x + 114 = r. What are the prime factors of x?
19
Suppose 5*u - 43 = -g, -2*g - u = -0*u - 68. Suppose a = -0*a + 2, a - g = -x. Let s = x - 8. List the prime factors of s.
23
Suppose 386*b = 421943 + 125709 + 2631830. What are the prime factors of b?
8237
Let d = -1914 + 5387. What are the prime factors of d?
23, 151
Suppose -2*s = -g - 58998, 0 = s - 3*g - 15298 - 14206. Suppose -24*t = -73*t + s. What are the prime factors of t?
2, 7, 43
Let r(x) = 18*x**2 - 233*x - 10. Let p be r(13). Suppose 5336 = p*s + 4*w, s - 15*w - 1774 = -14*w. What are the prime factors of s?
2, 3, 37
Suppose 2*i + 4 = 2, 0 = -2*l - 3*i - 281. Let b = 229 - l. List the prime factors of b.
2, 23
What are the prime factors of ((-54)/(-30))/((-3)/(-45)*1)?
3
Suppose -137522 - 144773 + 74125 = -54*o. What are the prime factors of o?
3, 5, 257
List the prime factors of 2737 + 10*7/(-35).
5, 547
Let q = -23292 + 35865. What are the prime factors of q?
3, 11, 127
Let q = 9762 + -6443. What are the prime factors of q?
3319
Let g(v) = 5*v**2 + 24*v + 66. Let f be g(-3). Let y(z) = -35*z**2 + z + 1. Let d be y(-1). Let h = d + f. List the prime factors of h.
2
Let v = -16515 + 11233. List the prime factors of v/(-15) - (-10)/(-75).
2, 11
Let p(u) = 2*u - 16 - u + 3. Let c be p(16). Suppose -b + 3*o + 17 = -9, 0 = -c*b + 5*o + 82. List the prime factors of b.
29
Suppose -3*q = 15, r + 4*q = 4*r - 155. Let i = r + 22. Suppose 30 = t - 5*n, 4*t - n - i = 72. What are the prime factors of t?
5, 7
Suppose 16 = 4*g, 3*y = 6*y - 2*g - 169. What are the prime factors of y?
59
Suppose 64870 = 4*y + l - 133482, 0 = 4*y - 5*l - 198328. List the prime factors of y.
3, 16529
Let c(u) = -31*u + 2. Let m be ((-6)/5)/((-1)/(-5)). Let x be c(m). Suppose -j = -3*j - 2*n + x, -94 = -j - 5*n. List the prime factors of j.
2, 47
Suppose -108282 - 77673 = -21*u. What are the prime factors of u?
5, 7, 11, 23
What are the prime factors of (5888/(-20))/((-15)/900)?
2, 3, 23
Suppose -2*n - 25858 = -10*q + 8*q, 3*q + 4*n = 38801. List the prime factors of q.
67, 193
Let v(f) = -f**3 + 6*f**2 - f + 14. Let i be v(6). Suppose -i*d = -177 + 33. Suppose 2*t + d = 336. What are the prime factors of t?
3, 53
Let d(l) = -78*l - 36. Suppose -24 = 5*x + 6*p - 3*p, 3*x = -p - 12. What are the prime factors of d(x)?
2, 3, 11
Suppose p = 4*m + 19, -21 = 2*p - 5*p + 3*m. What are the prime factors of (313 - p) + (0 - 2)?
2, 7, 11
Let x be (-16)/(-20) + 5/((-25)/444). Let u = 10 - -3. Let w = u - x. What are the prime factors of w?
101
Suppose 0 = 2*o - 10 - 16. Suppose -o*n + 12*n = -9. Suppose -n*u = -51 - 75. What are the prime factors of u?
2, 7
Let i(y) = 99*y - 1. Let w be i(19). Suppose 2*h - 383 = -u - 0*h, -w = -5*u - 3*h. List the prime factors of u.
373
Let j = 4838 - 3486. List the prime factors of j.
2, 13
Let d = -9453 - -14263. List the prime factors of d.
2, 5, 13, 37
Suppose 130*f - 1193111 = 544859. What are the prime factors of f?
29, 461
Let l be 5/20*-2*-6. Let v(z) = z**2 + 20*z - 37. Let c be v(-22). Suppose 579 = c*q - l*q + 3*g, -700 = -5*q + g. List the prime factors of q.
3, 47
Let b(j) = 322*j + 659. What are the prime factors of b(14)?
5167
Let k(x) = 3*x + 11. Suppose 3*j - 6*j + 25 = -2*s, -4*s - 8 = 0. Suppose -4*o = 3*c - 52, 2*c = 2*o - j - 5. What are the prime factors of k(o)?
41
Let o(t) = -228*t - 92. Let c be o(-8). Suppose -4*j + 17*a - 12*a + 3476 = 0, 2*j = a + c. What are the prime factors of j?
2, 3
Let c be 3/(-12) - 930/(-48)*-2. What are the prime factors of (148/72*6)/((-1)/c)?
13, 37
Let p = -30 + 539. Let o = -215 + p. What are the prime factors of o?
2, 3, 7
Suppose 41*v - 270696 - 345343 = 711541. List the prime factors of v.
2, 5, 1619
Suppose -22957664 + 17312 = 241*t - 817*t. What are the prime factors of t?
39827
Let y be (-296)/6 + ((-256)/24 - -10). What are the prime factors of (-3)/(-5) + (-16020)/y?
3, 107
Suppose -33 = 7*c - 47. Suppose c*i = -w + 739, 4*w - 3*w + 5*i - 745 = 0. What are the prime factors of w?
3, 5, 7
Let j(b) = 16*b**2 + 7*b - 4. Let o be j(-8). Suppose -5*k + 201 = -o. Let i = -126 + k. What are the prime factors of i?
107
Suppose 12*r = 7*r + 120. Suppose 0 = 12*i - 8*i - r. List the prime factors of (-2277)/(-27) + 4/i.
5, 17
Let f = 54 + -48. Suppose f*q - 19 = 5. Suppose -q*k + 362 = -3*v, v + 85 = k - 5. List the prime factors of k.
2, 23
Let k(x) = 3*x - 5. Let m be k(2). Let y be (19/(-38))/(((-1)/478)/m). Let c = 490 - y. List the prime factors of c.
251
Let a(j) = -51*j + 35. Let m be a(2). Let k = 276 - m. List the prime factors of k.
7
Suppose 12*t - 13*t + 1 = 0. Let j(x) = 150*x + 2. Let a be j(t). Suppose 3*g + a = 5*g. What are the prime factors of g?
2, 19
Suppose -14 = f + 2*w + 15, -2*f - w - 70 = 0. Let v = f - -46. What are the prime factors of -2 + 10*v - (0 + -1)?
89
Let y be (-2335)/(-30)*2*18. Suppose 0 = -2*o - 2*o + g + 2805, 4*o - 2*g = y. List the prime factors of o.
2, 3, 13
Let r = -4101 + 4433. What are the prime factors of r?
2, 83
Suppose -2*k - 4 + 12 = 0. Suppose 2*o - 11 = -3*f + k*o, 3*o - 21 = -3*f. Suppose f*x = 8*x - 387. What are the prime factors of x?
3, 43
Let w(r) = 1451*r + 191. List the prime factors of w(6).
7, 31, 41
Let z = -18852 - 